- 58*z = -6. Let r(i) = -9*i**2 + 5*i + 4*i**2 + 4*i**z - 10*i - 1. Calculate r(-8).
-25
Let v(f) = 2*f**2 - 14*f + 13. Let a = -2594 + 2604. Determine v(a).
73
Let q = -5 - -2. Let f(x) be the second derivative of x**5/60 + x**4/6 + 2*x**3/3 + 3*x**2 - 315*x. Let n(v) be the first derivative of f(v). Calculate n(q).
1
Let a(f) = f**2 - 2*f + 1. Let h(p) = 3*p - 1. Let o be h(3). Suppose -14 = -s + o*s. Let n = s - -5. Calculate a(n).
4
Suppose -5*s + 61 = -3*q, 2*q + 28 = 2*s - q. Let u(j) = -30*j + s*j + 4*j - 2 + 11*j. Calculate u(-2).
6
Let t(p) = p + 1. Let f be (5 - 23)/6 - 27. Let c be (((-24)/(-18))/(-4))/(1/f). Determine t(c).
11
Let c(t) = t**3 - 10*t**2 - 11*t + 12. Suppose 4*s - 51 = -5*z, 0*z - s - 34 = -3*z. Let h be c(z). Let l(x) = -x + 19. Give l(h).
7
Let x(c) be the first derivative of -5/6*c**3 + 12 + 1/24*c**4 - 1/2*c**2 + 0*c. Let h(a) be the second derivative of x(a). What is h(5)?
0
Let r(f) = -20*f - 27. Let u be (1 - 7*(-44)/(-77))/1. Give r(u).
33
Let r be (3/(-9) - (-374)/(-102))*(-1)/1. Let s(x) be the first derivative of -2*x**2 + 13*x + 7. Determine s(r).
-3
Let b(o) = -o**3 - 44*o**2 + 2*o + 85. Let t be -12 + 768/(-25 - -1). Determine b(t).
-3
Suppose -3*r + 7 = 4*y, 4*y + 152*r = 153*r + 3. Let t(h) be the second derivative of -h**4/6 + h**3/6 - h**2/2 + h. What is t(y)?
-2
Let v(c) be the first derivative of -c**2 + 8*c - 2*c**3 + 10 - 2*c + 0*c - 3*c. Let p(t) = -12*t**2 - 4*t + 7. Let y(b) = 2*p(b) - 5*v(b). What is y(1)?
7
Let l(b) = 2*b**2 + 51*b + 194. Let t be l(-21). Let v(n) be the third derivative of 0*n + 1/60*n**t - 1/8*n**4 + 0 - 1/6*n**3 - 4*n**2. Determine v(4).
3
Let m(r) = -3*r**3 - 3*r**2 + r - 3. Suppose 0 = 5*y - 3*i + 28, 29*i - 24*i = -4*y + 22. Calculate m(y).
7
Suppose -i = -4*n + 5*n + 4, 3*i = n + 4. Let m(x) = 2*x**3 + 5*x**2 + 2*x + 11. Determine m(n).
-45
Let n be -2 + (39 + -20)*12/2. Suppose -12*s + n = -28*s. Let q(m) = -m**2 - 5*m + 5. Determine q(s).
-9
Let v(d) = 7*d - 2908 + 8750 - 2906 - 2903. Give v(-3).
12
Let s(o) = -44*o**3 - 2*o**2 + 2*o - 1. Suppose 1195 = -2*j - 3*l, 0 = 2*j + 42*l - 37*l + 1193. Let w = -598 - j. Determine s(w).
-45
Let m(i) = -i - 25. Let c(l) = -l - 42. Let y(z) = 3*c(z) - 5*m(z). Let v be (-5)/((-1)/(-1 - 0)). Give y(v).
-11
Let q(d) = d**2 + 19*d + 36. Let s(n) = -147*n + 45. Let x be s(5). Let u = 673 + x. Give q(u).
2
Let l(a) = -a + 1. Let v = -72 - -13. Let o = v + 60. Let d be o + -10*(-1)/(-4)*-2. Give l(d).
-5
Let p(r) be the first derivative of -1/3*r**3 + 84 - 5/2*r**2 - 3*r. What is p(-3)?
3
Let a(l) be the second derivative of -l**5/20 - 3*l**4/4 - l**2 + l - 2. Suppose -6*f - 1 = -13. Suppose -f*c = 27 - 9. Calculate a(c).
-2
Suppose -3*y = 24 - 63. Let j(a) = -y + 20 + 7 - 12 + 7*a. Calculate j(3).
23
Let j(w) = -14 + 17*w - 11 + 5*w**2 - 8*w + 28 - 13. Determine j(1).
4
Let n(u) = 2007*u + 10. Let i(z) = 626*z + 3. Let r(k) = 16*i(k) - 5*n(k). Let y be 2/(-1 + 2) - 0. Give r(y).
-40
Let u be (-6)/(-21) - 19/(-7). Let a(y) = 3*y**3 + 25*y**2 + 6*y + 35. Let q(s) = -4*s**3 - 31*s**2 - 7*s - 43. Let n(l) = -5*a(l) - 4*q(l). Give n(u).
9
Let k(i) be the first derivative of -i**5/10 - i**4/3 + i**3/2 - i**2/2 + 19*i - 107. Let a(f) be the first derivative of k(f). Determine a(2).
-27
Suppose -3059*z + 255 = -2974*z. Let g(c) = 3*c**2 + 5*c - 1. Give g(z).
41
Let s(l) = -5*l - 42. Let d be (-1 - (-9)/6) + 2430/(-4). Let q = 599 + d. Determine s(q).
-2
Let x(s) = -2*s - 3. Let z be (0 + -139 - -1)*2/(-6). Suppose -25*b + z = 146. Determine x(b).
5
Suppose -89*h + 311 + 37 + 2055 = 0. Let r(n) = -3*n + 67. Give r(h).
-14
Suppose -48*u - 30 = -53*u. Let d = 11 - u. Let k(q) = -16*q + d*q - 1 + 14*q. Determine k(1).
2
Let w(j) = -41*j**2 + 85*j - 32. Let r(q) = 19*q**2 - 40*q + 16. Let a(o) = 13*r(o) + 6*w(o). Give a(8).
0
Let f be ((-125)/(-150))/((-1)/(-6)). Let r be f/10*(-2 + (-8)/(-2)). Let b(l) = 5*l**2 + l. Give b(r).
6
Let w(l) = -3*l**2 + 13*l - 3. Let r(d) = 5*d**2 - 12*d + 3. Let s(u) = -2*r(u) - 3*w(u). Calculate s(-14).
17
Let k be (-8 - 238/(-35))/(33/110). Let f(i) = 14 - 2*i - 15 - i**2 + i. What is f(k)?
-13
Let d(v) = v + 8. Let b be d(-4). Let q be 1*54 - (0 + b). Let u = -47 + q. Let k(m) = m**3 - 3*m**2 - 5*m + 2. What is k(u)?
-13
Let x(p) = p**3 - 5*p**2 + 8. Suppose 88*v + f + 9 = 90*v, 0 = 4*f + 4. Determine x(v).
-8
Let x(j) = 2*j**2 - 3. Let p = -15 + 19. Suppose 2*a - 3*l = -0*l + 121, 5*a - p*l = 313. Let d = a + -62. Give x(d).
15
Let z be 0*1/(-2) + -2 - -8. Let v(p) = 4 + z*p - 15*p + 8*p - 6*p**2 - p**3. Suppose 0*r = -5*r - 20. Calculate v(r).
-24
Let q(v) = v - 13. Let p be (-2)/(-8) - (12558/56)/(-23). Give q(p).
-3
Let h(z) be the first derivative of z**3/3 - 4*z**2 + 6*z + 1. Suppose 0 = 2*q + j - 77, -j - 5 + 10 = 0. Let b be 9/q - (-81)/12. Calculate h(b).
-1
Suppose 0 = 5*a - 14 - 6. Suppose 0 = 4*s + 4*z - z + 19, 4*s = a*z + 16. Let p be s*(-16)/(-6)*3/2. Let u(i) = i**3 + 5*i**2 + 4*i + 3. Determine u(p).
3
Let a(u) = u**3 + 8*u**2 - 10*u + 1. Suppose 0 = 37*n + 91 + 242. Give a(n).
10
Let g be 13/104*6/30*2. Let q(x) be the second derivative of -14*x + 0 + x**3 - 3*x**2 - 5/12*x**4 + g*x**5. Determine q(4).
2
Let k(d) = d - 3. Let w be 32/5*(9 - 4). Suppose 40 + w = -12*n. Let o(i) = -i**2 - 3*i + 26. Let r be o(n). Give k(r).
5
Let w = 620 - 615. Let h(c) = 2*c. Let o(j) = -8*j - 6. Let i(z) = 3*h(z) + o(z). Calculate i(w).
-16
Suppose 2*q - 6 = 5*n - 13, q - 5*n + 6 = 0. Let b(l) = 7*l**2 + 10*l + 9. Determine b(q).
6
Let c(f) = 146*f - f**2 - 74*f - 71*f. Let z(q) = 3*q**2 + 8*q + 6. Let a(w) = -4*c(w) - z(w). What is a(9)?
-33
Let s(c) be the first derivative of 2*c**3/3 + 31*c**2 + 32*c - 9986. Determine s(-30).
-28
Let i = -102 + 107. Let d be (-1)/((9 + -4)/i). Let g(q) = 7*q + 2. Calculate g(d).
-5
Let t(k) = k**3 + k**2 - 4*k + 3. Let i(g) = g**3 + 79*g**2 + 441*g + 219. Let m be i(-73). Give t(m).
3
Suppose 0 = 43*h - 39*h. Suppose z = -h*z. Suppose -2*j - 2*g + 8 = z, 19 + 15 = 4*j - 5*g. Let y(x) = x - 4. What is y(j)?
2
Let p = -25 + 24. Let u(x) = -x**2. Let k(c) = 77*c**2. Let a(w) = p*k(w) - 66*u(w). Suppose -9*o + 6 = 15. Calculate a(o).
-11
Let t(y) = y - 3. Let w be t(3). Let v be -3 - (-6 - -3)*2. Let c(i) = -669*i**2 + 668*i**2 - 5*i**v + 6*i**3 - i. Determine c(w).
0
Let j(i) be the first derivative of -1/3*i**3 - 5/2*i**2 + 6*i + 35. Suppose 0 = 3*h - m + 16, 0*h - 2*m = -2*h - 12. What is j(h)?
6
Let r(h) = h**2 - 16*h - 109. Let x be r(21). Let w(d) = -d - 3. What is w(x)?
1
Let h(l) = -l**2 + 2*l + 4. Let g = 71 + -65. Let w(o) = -o**3 + 5*o**2 + 9*o - 15. Let j be w(g). Suppose j = -40*m + 41*m. Determine h(m).
1
Suppose 3*i + 110 = 4*l + 5*i, 3*i = -l + 25. Suppose 30*r = l*r - 4. Let g be ((-9)/r)/(-1)*4/(-3). Let h(v) = -v**2 + 5*v + 7. What is h(g)?
1
Let g(h) be the first derivative of 2*h**2 - 15*h - 1078. Calculate g(8).
17
Let s(o) = o**3 - 2*o**2 - 3*o - 1. Suppose 263 = x + 226. Suppose 3*z = -28 + x. Give s(z).
-1
Let u(c) = 167 - 414*c - 413*c + 1690*c - 420*c - 415*c. Calculate u(-6).
-1
Let o(z) = -8*z - 3. Let q be o(-3). Let u = -595 - -612. Suppose q*h - u*h = -12. Let a(p) = p - 1. Determine a(h).
-4
Let y(r) = -2. Let m(n) = -3*n - 6. Suppose 8*f = -60 + 12. Let i(q) = f*y(q) + m(q). Give i(-7).
27
Let n(c) = c**2 - 6*c. Let z(b) = 2*b**3 - 5*b**2 + b + 9. Let i be z(3). Suppose -3*y + i = f + 2, -5*y + 33 = f. Calculate n(y).
7
Let a(c) = c**2 + c - 1. Let b(h) = -3*h**2 + 8*h - 9. Let i(t) = -2*a(t) - b(t). Let y(r) = 11*r - 24. Suppose 32*x + 3 = 33*x. Let m be y(x). Determine i(m).
2
Let u(n) = n**2 - 114*n + 433. Let g be u(4). Let r(d) = -5*d - 12. Give r(g).
23
Let f(c) = -c**3 + c**2 - c + 2. Let g(u) = -52 - 7*u**2 + 31 + u + 26 + 16*u**2 - 2*u**3. Let h(a) = 3*f(a) - g(a). Determine h(-5).
-4
Let z(o) = 5*o + 2. Let g be (-2)/(102/(-12) + 8). Suppose 119*d + g = 117*d. Give z(d).
-8
Suppose -47*o = -48*o + 3. Let f(q) = -4192 + 4*q + 4196 - 2*q. Calculate f(o).
10
Let r(n) = 19*n**2 + 25*n - 40. Let h(t) = 12*t**2 + 16*t - 27. Let z(c) = -8*h(c) + 5*r(c). Give z(-4).
12
Let b(p) = 5*p + 2 - 2 - 8 + 9 - 11. What is b(9)?
35
Suppose -24*d + 8 = j - 28*d, -3*d = 4*j - 51. Let i(f) = -2*f**3 + 13 + f**3 - 18*f - 4 - j*f**2 + 15. What is i(-1